What is the ten thousands digit of h?
3
Let u(z) = -382*z - 252. Let x be u(-9). Suppose 5*m = -2*a + x, 0 = -2*m + 5*m - 5*a - 1924. What is the units digit of m?
8
Let u = -3051 - -21760. What is the hundreds digit of u?
7
Let r(k) = -13*k - 329. Let i be r(-24). Let l(w) = -2*w**3 - 30*w**2 + 13*w + 17. What is the units digit of l(i)?
2
Suppose 134*y - 132*y + 1222 = 0. Let r = y + 1033. What is the units digit of r?
2
Let y = -26 - -43. Let f(c) = 14*c + 4*c + 11 - 3 + y. What is the units digit of f(5)?
5
What is the units digit of -25 + 22 - (-10177)/4*(2 + 6)?
1
Let a(i) = 4*i - 3. Let q be a(8). Suppose 28280 = -n + q*n. What is the tens digit of n?
1
Suppose 0 = -28*x + 281226 + 35370. What is the hundreds digit of x?
3
What is the thousands digit of (-7105997)/(-287) - 3/(-7)?
4
Let b(m) = -1618*m + 1073. What is the units digit of b(-5)?
3
Suppose -3*k + 1833 = 3*d, -1840 = -4*d + d + 4*k. Suppose -3*s + 818 = s + 5*i, 3*s + 3*i = d. What is the hundreds digit of s?
2
Let i(s) = -s**3 - 9*s**2 + 3*s - 5. Let u be i(-6). Let l = -146 - u. What is the tens digit of 12/l*5*(-236)/8?
1
Suppose -2*j + 18 = -18. Let l = -24 + j. Let o(t) = -t**3 - 5*t**2 - 7*t + 8. What is the units digit of o(l)?
6
Let p = -99 - -69. What is the tens digit of (2/(-2))/((p/1945)/6)?
8
Suppose 2*v - 60293 = 3*r, -94*v - 5*r = -92*v - 60301. What is the ten thousands digit of v?
3
Let y(c) = 645*c + 77644. What is the tens digit of y(0)?
4
Let m = 14884 - 3449. What is the tens digit of m?
3
Let p(f) = -4*f**3 - 14*f**2 + 44*f - 94. What is the units digit of p(-16)?
2
Suppose -g = 1, -91*g = 2*k - 88*g - 16273. What is the thousands digit of k?
8
Suppose -3*z + s + 2468 = 0, 23 - 24 = -s. Suppose 2*a = 483 + z. What is the tens digit of a?
5
Let m(h) = 2*h**2 + 37*h + 9. Let a be (-295)/15 + (-5)/15. What is the units digit of m(a)?
9
Suppose 2*c = -2*d - 100, 4*d - 10*c = -7*c - 207. What is the tens digit of 170/d*1449/(-5)?
6
What is the thousands digit of (27 - (-3 + 8))/(-2) + 19967?
9
Let c = -681 - -681. Suppose k - 4447 = -5*j, -4435 = -5*j - c*k + 5*k. What is the units digit of j?
9
Let s(a) = 3*a - 3. Let c = 8 + -6. Let t be s(c). Suppose 7*x = 3*w + 3*x - 251, t*x = 3*w - 252. What is the units digit of w?
5
Let c(u) = -u**2 + 7*u + 10. Let q be ((-20)/50)/((-2)/40). Let f be c(q). What is the units digit of f - (-34)/(0 + 2)?
9
Suppose 14*x = 13*x - 1, 0 = -4*o + 4*x + 20. Suppose -5*b = -3*r + 3769, 5*r - o*b = 8680 - 2420. What is the hundreds digit of r?
2
Suppose 66045 = -8*h + 202925. What is the thousands digit of h?
7
Let m = 14901 - 5023. What is the tens digit of m?
7
Let l(w) = 6*w**2 - 5*w - 60. What is the tens digit of l(-11)?
2
Let o(j) be the second derivative of 1/6*j**4 + 0 + 15/2*j**2 + 3/2*j**3 + 17*j. What is the units digit of o(-6)?
3
Let z(s) = -589*s + 762. What is the units digit of z(-104)?
8
Let y = 3742 + 621. What is the thousands digit of y?
4
Suppose 4223*p + 37271 = s + 4221*p, -3*s + 2*p + 111777 = 0. What is the thousands digit of s?
7
Suppose -3*m = 3*r - 1860, -4*r - 3*m + 1334 = -1145. Suppose -5*b + r = 2*y, -5*b + 250 = -3*b + 2*y. What is the units digit of b?
3
What is the thousands digit of 7/(84/(-66))*546928/(-88)?
4
Let c(a) = -27*a**3 + a**2 - 3*a - 1. Let i be c(-2). Let x = i - 186. What is the tens digit of x?
3
Suppose 12*b = -0*b - 0*b. Suppose 3*z - 2*q = -b*q + 16, 4*z = -4*q - 12. Suppose -4*o = -5*v + 919, z*v + 2*o - 362 = -2*o. What is the units digit of v?
3
Let m be ((-4)/(-2))/(2136/213 - 10). Suppose -m*k + 75*k - 1292 = 0. What is the tens digit of k?
2
Suppose 6*c = -3*h + 9*c - 4833, -5*h + 3*c = 8051. Let b = h + 2740. What is the hundreds digit of b?
1
Let f(w) = -w + 33. Suppose 6*k = -63 + 189. Suppose -k = -2*p - 0*t + t, -p = 2*t - 13. What is the units digit of f(p)?
2
Suppose 5*o = c + 8803, 3*o = -4*c + 3*c + 5285. Suppose -11*s = -2210 - o. What is the hundreds digit of s?
3
Suppose 4*y - 2*u = 3126, -5*u = -15*y + 16*y - 798. What is the units digit of 1/(10 - 11) + y*1?
2
Suppose 0*b = -b + 423. What is the hundreds digit of b - (0 - (-2 + -4))?
4
Let m(c) = c**3 - 4*c**2 - 11*c - 4. Let w be m(6). Suppose 0 = w*x + 10, u + x + 0*x - 446 = 0. What is the hundreds digit of u?
4
Let b(n) = 45*n + 140. Let r be b(-2). Let p = -88 + 44. What is the tens digit of ((-1)/4 + p/(-16))*r?
2
Suppose 7 = -0*x - x. Let w(a) = -4*a - 26. Let y be w(x). Suppose u = -2*i + 164, u - y*i - 636 = -3*u. What is the tens digit of u?
6
Let d(n) = -1 - 2 + 11 + 31 - 19*n. Let b(l) = 13*l - 26. Let o(a) = 8*b(a) + 5*d(a). What is the units digit of o(5)?
2
Let v(h) = h**3 + 56*h**2 - 18*h - 447. What is the tens digit of v(-52)?
0
What is the hundreds digit of -50223*(46/(-3) - -15)?
7
Let m = -42 - -24. Let z = 23 + m. Suppose 0 = -4*r - 2*u + 292, z*r + u = -193 + 561. What is the units digit of r?
4
Let m be 105 - ((2 - 2)/3 - -2). Let g = m - 9. What is the units digit of (g/(-8))/(33/12 - 3)?
7
Suppose -22*j = -29*j + 28. Suppose -16*a + 13*a + 925 = -j*x, 2*x = a - 311. What is the hundreds digit of a?
3
Let k be 448/(-35) - 8/(-10). Let l = k - -19. Suppose -l*u + 9*u - 176 = 0. What is the tens digit of u?
8
Suppose 5*z - 4*w - 3525 = 1063, z + 5*w = 906. Suppose -44*i - z = -48*i. What is the tens digit of i?
2
What is the thousands digit of 54/72*(32771 + -7 + 0)?
4
Suppose 2*q = -3*d + 13, 0*q + 3*d - 29 = -4*q. Let p be (6/12)/(1/q). Suppose -p*h - 102 = -446. What is the units digit of h?
6
Let h be ((-4)/6)/(8/(-36)). Suppose -h*s = -7*s. Suppose s = -6*o + 2*o + 356. What is the tens digit of o?
8
Let i = -4748 - -15072. What is the ten thousands digit of i?
1
Suppose 76*p - 50875 - 606449 = 0. What is the hundreds digit of p?
6
What is the tens digit of ((-143)/156*(-32)/2)/((-4)/(-16734))?
5
Let v(c) = -83*c - 9. Let l(t) = -167*t - 19. Let h(n) = 3*l(n) - 5*v(n). Let z be h(-9). What is the hundreds digit of z/(-4)*(-8)/12?
1
Let d(y) = 63*y**2 + 5*y - 5. Let k be d(2). Suppose -t = -3*j - k - 188, 5*t + 5*j - 2325 = 0. Suppose 62 = 3*u - t. What is the tens digit of u?
7
Let w = -255 + -178. Let q = w + 939. What is the units digit of q?
6
Let t be 0/1*(-12)/(-24). Suppose t = -2*f - s + 111, s = 3*s - 6. Suppose 0 = 4*p + f - 1086. What is the units digit of p?
8
Let c be (0/(-2))/2 + 4. Suppose -n = -c*n + 966. Let j = n - 160. What is the units digit of j?
2
Suppose 1628*z - 71698 = 1617*z. What is the thousands digit of z?
6
Suppose 5*x + 423 + 67 = 5*u, -u + 88 = -3*x. Suppose 5*s - 573 = -2*y + u, 0 = -y - 4*s + 338. What is the hundreds digit of y?
3
Let s = 1057 - -2107. What is the tens digit of s?
6
Suppose -2*p + 9 = -3*u, -p + 2*u + 4 = p. Let g(v) = -v - 7. Let b be g(p). What is the units digit of 93 + b/1 + 2?
1
Let o = 5222 - 3188. What is the thousands digit of o?
2
Let o = -160 + 165. Suppose 0 = -5*v + v + o*u + 1435, -2*u = -2. What is the tens digit of v?
6
Let j(c) = 85*c + 323. Suppose 7 + 8 = 2*v + 5*m, 19 = 2*v + m. What is the units digit of j(v)?
3
What is the units digit of (-28980)/(-9) + 8/(-64)*-8?
1
Let c = -3335 + 6126. What is the thousands digit of c?
2
Let r = 19 - 14. Suppose r*c - 2*y + 1 = 0, -3*y = -c - c - 7. What is the units digit of (c - (-10)/(-5))*-49?
9
Suppose -191*k + 612382 = -1617543. What is the thousands digit of k?
1
Let c = 17759 + -7782. What is the tens digit of c?
7
Let a(q) = -2*q + 9. Let f be a(2). Suppose f*s - 5*m + 31 - 121 = 0, 4*s + 5*m = 45. What is the tens digit of (68 + s)*(-1 - -2)?
8
Let n(h) be the first derivative of -h**3/3 - 12*h**2 - 38*h - 2. Let v be n(-22). Let u(x) = 7*x + 20. What is the units digit of u(v)?
2
Let b = 1074 + 338. Let z = b - 765. What is the tens digit of z?
4
Suppose -2*d + 2*s = -14, -8*d = -10*d - 3*s + 4. Suppose -4*i - t = -5*t - 4268, -d*i - 4*t + 5299 = 0. What is the units digit of i?
3
Let z be (-7 - -14)/((-2)/154). Let q be (2/(-5))/(z/105 - -5). Suppose -5*m + q*r + 835 = 0, -396 + 1064 = 4*m - 5*r. What is the units digit of m?
7
What is the units digit of ((-1)/(-2) + 127124/24)*(4 + -1)?
2
Let j be -7 - ((-9)/(-12) + (-14)/8). Let t(n) = -2*n**2 - 7*n + 32. Let g be t(j). Suppose 432 = g*m - 3*r - 2*r, m = -3*r + 194. What is the units digit of m?
6
What